
What is the remainder when 1546 is divided by 64?
10
What is the remainder when 185 is divided by 163?
22
What is the remainder when 237 is divided by 38?
9
Calculate the remainder when 19 is divided by 16.
3
What is the remainder when 478 is divided by 223?
32
What is the remainder when 1394 is divided by 20?
14
What is the remainder when 3995 is divided by 80?
75
Calculate the remainder when 88 is divided by 39.
10
What is the remainder when 116 is divided by 29?
0
What is the remainder when 1698 is divided by 418?
26
Calculate the remainder when 90 is divided by 90.
0
What is the remainder when 215 is divided by 18?
17
What is the remainder when 5994 is divided by 36?
18
What is the remainder when 272 is divided by 94?
84
Calculate the remainder when 4089 is divided by 2041.
7
Calculate the remainder when 1406 is divided by 30.
26
What is the remainder when 2067 is divided by 91?
65
Calculate the remainder when 3883 is divided by 44.
11
What is the remainder when 344 is divided by 63?
29
Calculate the remainder when 295 is divided by 37.
36
What is the remainder when 589 is divided by 74?
71
Calculate the remainder when 3110 is divided by 86.
14
Calculate the remainder when 82 is divided by 42.
40
Calculate the remainder when 1545 is divided by 36.
33
Calculate the remainder when 9586 is divided by 223.
220
Calculate the remainder when 361 is divided by 121.
119
What is the remainder when 126 is divided by 34?
24
Calculate the remainder when 2107 is divided by 27.
1
What is the remainder when 24218 is divided by 346?
344
What is the remainder when 321 is divided by 33?
24
What is the remainder when 668 is divided by 10?
8
What is the remainder when 106 is divided by 11?
7
What is the remainder when 192 is divided by 15?
12
What is the remainder when 4128 is divided by 9?
6
Calculate the remainder when 108 is divided by 89.
19
What is the remainder when 74 is divided by 26?
22
What is the remainder when 80 is divided by 9?
8
What is the remainder when 1068 is divided by 134?
130
Calculate the remainder when 1356 is divided by 14.
12
What is the remainder when 338 is divided by 38?
34
Calculate the remainder when 254 is divided by 64.
62
Calculate the remainder when 343 is divided by 43.
42
What is the remainder when 1022 is divided by 332?
26
Calculate the remainder when 8582 is divided by 29.
27
Calculate the remainder when 419 is divided by 101.
15
Calculate the remainder when 978 is divided by 70.
68
What is the remainder when 232 is divided by 47?
44
What is the remainder when 265 is divided by 129?
7
Calculate the remainder when 1399 is divided by 139.
9
Calculate the remainder when 303 is divided by 106.
91
What is the remainder when 48 is divided by 18?
12
Calculate the remainder when 94 is divided by 64.
30
Calculate the remainder when 2449 is divided by 10.
9
What is the remainder when 125 is divided by 66?
59
What is the remainder when 1031 is divided by 80?
71
Calculate the remainder when 28 is divided by 11.
6
Calculate the remainder when 104 is divided by 29.
17
What is the remainder when 48 is divided by 25?
23
What is the remainder when 158 is divided by 20?
18
What is the remainder when 1151 is divided by 231?
227
Calculate the remainder when 106 is divided by 36.
34
What is the remainder when 423 is divided by 134?
21
What is the remainder when 178 is divided by 15?
13
What is the remainder when 4617 is divided by 55?
52
What is the remainder when 311 is divided by 31?
1
Calculate the remainder when 115 is divided by 62.
53
What is the remainder when 25758 is divided by 46?
44
Calculate the remainder when 250 is divided by 32.
26
What is the remainder when 824 is divided by 398?
28
What is the remainder when 31 is divided by 23?
8
What is the remainder when 4551 is divided by 18?
15
Calculate the remainder when 653 is divided by 9.
5
Calculate the remainder when 974 is divided by 15.
14
Calculate the remainder when 849 is divided by 301.
247
Calculate the remainder when 1188 is divided by 26.
18
What is the remainder when 49 is divided by 43?
6
What is the remainder when 698 is divided by 50?
48
Calculate the remainder when 401 is divided by 204.
197
What is the remainder when 383 is divided by 8?
7
What is the remainder when 473 is divided by 118?
1
Calculate the remainder when 567 is divided by 190.
187
What is the remainder when 5692 is divided by 14?
8
Calculate the remainder when 100 is divided by 32.
4
Calculate the remainder when 1386 is divided by 330.
66
Calculate the remainder when 3573 is divided by 447.
444
Calculate the remainder when 174 is divided by 7.
6
What is the remainder when 817 is divided by 42?
19
Calculate the remainder when 1557 is divided by 130.
127
Calculate the remainder when 1011 is divided by 337.
0
What is the remainder when 1076 is divided by 16?
4
Calculate the remainder when 1236 is divided by 136.
12
Calculate the remainder when 1009 is divided by 7.
1
What is the remainder when 50 is divided by 5?
0
Calculate the remainder when 4787 is divided by 36.
35
Calculate the remainder when 25 is divided by 4.
1
What is the remainder when 754 is divided by 72?
34
Calculate the remainder when 217 is divided by 3.
1
What is the remainder when 218 is divided by 73?
72
What is the remainder when 1529 is divided by 21?
17
What is the remainder when 204 is divided by 5?
4
What is the remainder when 112 is divided by 23?
20
Calculate the remainder when 566 is divided by 59.
35
Calculate the remainder when 566 is divided by 57.
53
What is the remainder when 4185 is divided by 39?
12
Calculate the remainder when 74 is divided by 64.
10
Calculate the remainder when 162 is divided by 49.
15
What is the remainder when 92 is divided by 24?
20
Calculate the remainder when 1070 is divided by 67.
65
What is the remainder when 1763 is divided by 190?
53
Calculate the remainder when 2298 is divided by 36.
30
Calculate the remainder when 7910 is divided by 79.
10
What is the remainder when 345 is divided by 12?
9
What is the remainder when 11305 is divided by 11?
8
What is the remainder when 1116 is divided by 178?
48
What is the remainder when 382 is divided by 8?
6
Calculate the remainder when 12472 is divided by 48.
40
Calculate the remainder when 418 is divided by 9.
4
Calculate the remainder when 67 is divided by 25.
17
Calculate the remainder when 865 is divided by 432.
1
Calculate the remainder when 6571 is divided by 106.
105
What is the remainder when 32 is divided by 11?
10
What is the remainder when 225 is divided by 26?
17
What is the remainder when 341 is divided by 32?
21
What is the remainder when 1022 is divided by 128?
126
What is the remainder when 702 is divided by 16?
14
What is the remainder when 79 is divided by 26?
1
What is the remainder when 149 is divided by 56?
37
Calculate the remainder when 163 is divided by 137.
26
What is the remainder when 142 is divided by 57?
28
Calculate the remainder when 476 is divided by 153.
17
Calculate the remainder when 244 is divided by 35.
34
What is the remainder when 392 is divided by 23?
1
What is the remainder when 89 is divided by 45?
44
What is the remainder when 109 is divided by 57?
52
What is the remainder when 718 is divided by 90?
88
Calculate the remainder when 492 is divided by 50.
42
Calculate the remainder when 3065 is divided by 9.
5
Calculate the remainder when 55 is divided by 5.
0
Calculate the remainder when 1532 is divided by 16.
12
Calculate the remainder when 81 is divided by 13.
3
Calculate the remainder when 327 is divided by 53.
9
What is the remainder when 348 is divided by 51?
42
Calculate the remainder when 207 is divided by 14.
11
What is the remainder when 50 is divided by 5?
0
Calculate the remainder when 621 is divided by 12.
9
What is the remainder when 657 is divided by 61?
47
What is the remainder when 119 is divided by 24?
23
Calculate the remainder when 97 is divided by 28.
13
Calculate the remainder when 5607 is divided by 330.
327
What is the remainder when 4807 is divided by 10?
7
What is the remainder when 647 is divided by 31?
27
What is the remainder when 120 is divided by 14?
8
What is the remainder when 53 is divided by 22?
9
What is the remainder when 1075 is divided by 141?
88
Calculate the remainder w